e (-6 + 10)*(-2)/(-1). What is the units digit of (-13512)/(-96) + 2/z?
1
Let w(m) = -m**2 - 4*m - 8. Let y be w(-5). Let o(s) = s**3 + 13*s**2 - 2*s - 26. Let f be o(y). What is the units digit of 31 + 87 + (-2)/(f + -2)?
9
Suppose 0 = -11*r + 20 + 2. What is the tens digit of (-21)/21*(-1427 - r)?
2
Let h = -7 + 6. Let k(a) be the second derivative of -106*a**3/3 + 9*a**2/2 + 17*a - 18. What is the hundreds digit of k(h)?
2
Let y be (-24)/(-30)*(-15)/(-2). Suppose 4*u + 20 = 0, -5*u - 190 = y*j - 9*j. What is the units digit of j?
5
Suppose -7*k - 8270 - 1320 = 0. Let x = k - -2210. What is the hundreds digit of x?
8
Suppose 467*v = 462*v. Suppose v = -21*y + 21163 + 3932. What is the thousands digit of y?
1
Let m(z) = -60 - 71 + 96 + 152*z. What is the units digit of m(4)?
3
Let v be ((-36)/21)/((-3)/21). Suppose -5*y = 32 - v. What is the units digit of y + (-5)/(-5) + 207?
4
Suppose -5*t - 900 = -5*n, 0 = -5*n - 2*t + 3*t + 888. What is the tens digit of ((-6)/(-18))/((-3)/n)*-3?
5
Let j be 120/10*(-16)/6. Let o be 9/((-36)/j) - 2. Suppose o*v + 27 = 663. What is the hundreds digit of v?
1
Let r = 45 + -39. Let b(j) = -j**2 + 4*j + 4. Let x be b(r). What is the tens digit of (-143)/(-2) - x/(-16)?
7
What is the units digit of 20726 - (18 - (-60)/(-5))?
0
Suppose 0 = -52*i + 47*i + 4130. Suppose -i = -3*c + 5*p, c - 2*p - 98 = 179. What is the hundreds digit of c?
2
Let c = -283 - -291. Suppose c*f - 2232 = -584. What is the tens digit of f?
0
Let s(i) = -19 + 8 + 13 - i - i**2. Let g be s(-2). Suppose g = -3*m + 366 - 12. What is the hundreds digit of m?
1
Suppose 21*f - 13725 = 19392. What is the hundreds digit of f?
5
Suppose 0 = 352*m - 436*m + 1085196. What is the tens digit of m?
1
Let y(q) = q**3 - 11*q**2 - 6. Suppose -4*g = -4*i + 36, -2*i = i + 3*g - 39. Let h be y(i). What is the units digit of 4/18 - h/(-27) - -67?
7
Let s(d) = -d**3 - 8*d**2 + 4*d - 5. Let c be s(-6). Suppose 245 = -223*f - 7560. Let b = f - c. What is the units digit of b?
6
Suppose 800 = 5*x - 2*k + 3*k, x - 4*k - 139 = 0. Let n be (-128)/56 + 4/14 + x. Suppose -3*c + 4*c - n = 0. What is the tens digit of c?
5
Let d be (-5835)/5*((-12)/18)/2. Let m = d - 296. What is the tens digit of m?
9
Suppose -a + 28*k + 9153 = 26*k, 5*a - 3*k - 45730 = 0. What is the tens digit of a?
4
Let v(l) = 70*l - 100. Let j be -6*(10/(-3) - 32/(-16)). What is the units digit of v(j)?
0
Let x(f) = f**3 - f. Let q(s) = -6*s**3 + 7*s**2 - 4*s + 13. Let a(c) = -q(c) - 5*x(c). Let d be a(6). Let l(b) = 14*b + 28. What is the tens digit of l(d)?
9
Suppose -2*j + 153006 = 5*s, -2*s + 6*s - 122432 = -5*j. What is the thousands digit of s?
0
What is the thousands digit of (-7 - 3)/(-30)*-33 + 39347?
9
What is the thousands digit of (1/(-1)*30/10)/(2/(-1158))?
1
Let p be 2/(-14) + 1 + 29670/(-70). What is the hundreds digit of p/(12/(-10) - -1)?
1
Suppose 0 = 4*d - 2*x - 34, d + 15*x = 13*x + 21. Suppose -d*p - 48 = -312. What is the tens digit of p?
2
Let q(u) be the third derivative of u**4/6 - 17*u**3/3 + 9*u**2. Let h be q(9). Suppose -h*y + 14 = -3*z, -4*y - 3*z + 5 + 5 = 0. What is the units digit of y?
4
Let p(a) = -9*a + 102. Let k be p(11). Suppose -1247 = -c - 2*o - 53, 4*o - 3574 = -k*c. What is the units digit of c?
6
Let x(v) = 14*v**3 - v**2 - v + 2. Let u be x(1). Suppose 15*z - 171 = u*z. What is the tens digit of z?
7
Suppose 73748 = 10*y + 4168. What is the tens digit of y?
5
Let l be 8/44 - (-184)/(-44). Let i = l + 4. Suppose r - 3 = 0, 2*r - 15 = -3*n - i*r. What is the units digit of n?
3
What is the thousands digit of 51860 - ((-10)/((-2)/1)*1 + -9)?
1
Let t = -3099 - -4389. Let w = 2191 - t. What is the hundreds digit of w?
9
Suppose 18 = 12*h - 18*h. Let d be h/((-3)/5) + -2 + 2. Suppose 4*l + d*b - 362 = 0, -4*b + 184 = 2*l - 0*l. What is the tens digit of l?
8
Suppose 9*u + 132 = 2*d + 6*u, 0 = 4*u + 16. Suppose 5918 = -49*m + d*m. What is the hundreds digit of m?
5
Let f = 5304 + 1987. What is the thousands digit of f?
7
Let k(i) = 47*i**2 + 2383*i + 4. What is the ten thousands digit of k(-59)?
2
Let w(j) = 4*j**2 - 8*j + 12. Let v be w(4). Let z = v + -40. What is the units digit of (-3)/(-2) - (-198)/z?
1
Suppose 12*i - 20*i - 297209 = -19*i. What is the thousands digit of i?
7
Let s be 171/63 - 2/(-7) - -1. Suppose 3*o = -5*p + 275, s*o + 2*p - 193 = 155. What is the units digit of o?
5
Let q(r) = 461*r - 374. Let p(h) = 154*h - 125. Let u(a) = 8*p(a) - 3*q(a). What is the thousands digit of u(-8)?
1
Let n be 11*1 + 17 + -19. What is the units digit of -3*((-318)/n + 5 + -4)?
3
What is the tens digit of (3/2)/(4/24)*(2898 - 16)?
3
Let s(i) = -2*i**3 - 10*i**2 + 12*i - 5. Let h be s(-6). Let n be -1 + 35/h - -3. Let u = 88 + n. What is the tens digit of u?
8
Let r(w) = -w**2 - 5*w + 2714. What is the thousands digit of r(0)?
2
Let h(s) = -2*s**3 - 7*s**2 + 2*s - 5. Let m be h(-4). What is the tens digit of (402/(-15)*1)/(m/(-60))?
3
Let m = -1 + 13. Let n = m - -56. What is the tens digit of n?
6
Let h = 214 + -206. Suppose 4*n + a + 1409 = h*n, a + 705 = 2*n. What is the units digit of n?
2
Let q(s) = 135*s**2 + 24*s + 138. What is the ten thousands digit of q(11)?
1
Let f = 487 + -142. Let v = -114 + -129. Let u = v + f. What is the tens digit of u?
0
Let p(x) = -11*x + 16. Let n(g) = 5*g - 8. Let v(o) = -9*n(o) - 4*p(o). Let k be v(3). Suppose -k*r = -2*r - 342. What is the units digit of r?
4
Suppose 4*o - 5649 = -3*w, o + 4335 = 3*w - 1329. Suppose 0 = 6*x - 273 - w. Suppose -2*h + 7*h = -3*m + x, -3*h - 2*m = -216. What is the tens digit of h?
7
Suppose 5*k - 2074 = -5*j + 2601, -2*j + k + 1879 = 0. What is the tens digit of j?
3
Suppose 3*u - 248 = -20. What is the tens digit of -3 - u/(-24) - (-24906)/36?
9
Let j(b) = 3254*b**2 - 52*b + 12. What is the tens digit of j(-3)?
5
Let m(w) = -w**3 - 5*w**2 + 5*w + 5. What is the tens digit of m(-6)?
1
Suppose 0 = -2*y - k - 411, -2*y + 5*k + 599 = -5*y. Let s = y + 357. Suppose 3*t - 431 = -2*h, t = -0*h - 2*h + s. What is the units digit of t?
1
Let k(i) = 4*i**2 + 3*i**3 + 768*i - 2*i**3 - 2 - 773*i. Let h be k(-5). Let u(s) = -10*s + 8. What is the units digit of u(h)?
8
Suppose -2*y + 24 = -2*g, 0 - 32 = -y - 4*g. Suppose 3*h = -0*v + 5*v - 244, 0 = -4*v - y. What is the tens digit of ((-8)/((-32)/(-21)))/(3/h)?
5
Let l(r) = 74*r - 8*r - 13 + 46*r. What is the hundreds digit of l(4)?
4
Let x(g) = 14*g - 60. Let k be x(6). Suppose 32*o - 5664 = k*o. Suppose -i + o = 2*i - 2*u, 482 = 2*i + 2*u. What is the hundreds digit of i?
2
Suppose -18*y - 1400911 = -175*y. What is the hundreds digit of y?
9
Suppose 2052*h = 2196*h - 12966192. What is the hundreds digit of h?
0
Let x(n) = 9*n**2 + 63*n + 91. Let r(m) = 5*m**2 + 31*m + 46. Let w(j) = 7*r(j) - 4*x(j). What is the units digit of w(-28)?
4
Let h = 6444 - 2606. What is the tens digit of h?
3
Suppose 3*o = 9273 - 2226. Suppose -5*w + 7898 - o = 3*d, 5*w - 1843 = -d. What is the hundreds digit of d?
8
Suppose 4*s + 5 = 5*s. Let q(i) = -7*i - 5. Let p(b) = 3*b + 2. Let f(j) = s*p(j) + 3*q(j). What is the tens digit of f(-10)?
5
Let k(p) = -7*p**2 + 50*p - 20. Let u be k(8). What is the units digit of (-5782)/(-18) + (-4 - u/18)?
1
Let w(j) = 8*j - 19. Let p(x) = 24*x - 57. Let d = 55 - 47. Let n(c) = d*w(c) - 3*p(c). What is the units digit of n(-9)?
1
Let p(v) = -v**2 + 23*v - 38. Let i be p(21). What is the hundreds digit of ((-20)/(-15) - (-25105)/15) + i?
6
Suppose g + 8*r + 2045 = 6*r, 0 = g + r + 2040. Let b = g - -3653. What is the hundreds digit of b?
6
Let s(g) = 5*g**3 + 208*g**2 - 81*g + 90. Let n be s(-42). Let b be 2*58 - 2/(-2). Let d = b + n. What is the units digit of d?
1
What is the ten thousands digit of 0 + ((-2463)/((-9)/(-3)))/((-5)/110)?
1
Suppose -5*a + 19205 = -3*w, 3*a - 9944 = -w + 1593. What is the hundreds digit of a?
8
Suppose 3*q - 184052 = -4*u, -3*u + 2*q + 87521 + 50552 = 0. What is the units digit of u?
9
What is the tens digit of (57 - -63)*(-534)/(-9)?
2
Let i = 271 - 560. Let y = i - -630. What is the hundreds digit of y?
3
Let d = 207 - 156. Let r = 229 - d. What is the hundreds digit of r?
1
Let k(r) = -55*r + 38. Let m be k(-14). Suppose -5408 = -8*f - m. What is the tens digit of f?
7
Suppose 244*h + 35*h = 60